= -8*m**2 - 34*m + 277. Let d(n) = -11*n**2 - 51*n + 415. Let f(q) = 5*d(q) - 7*l(q). What are the prime factors of f(12)?
2, 19
Let m = -2 + 7. Let k be (3/(-6))/(6 + (-69)/12). What are the prime factors of ((-39)/k)/(m/10)?
3, 13
Let l be ((-62)/6)/(1/3). Let h(q) = -322 + 997 - 332 - 303 - 4*q. What are the prime factors of h(l)?
2, 41
Let m = 87 + 295. Suppose -v - m = -4*k + 235, -4*k = 5*v - 611. List the prime factors of k.
2, 7, 11
Suppose 5*h + 25 = i - 4*i, -10 = -i + 2*h. Suppose -22*d + 8980 + 9302 = i. List the prime factors of d.
3, 277
Let s(a) = a**3 + 15*a**2 + a + 39. Let v be s(-15). Suppose -v*u = -1216 - 4064. List the prime factors of u.
2, 5, 11
Let m = -247 - -450. Let c = m - 39. Let i = -81 + c. List the prime factors of i.
83
Let v(q) = q**3 + 3*q**2 + 6*q + 22. Let x be v(-3). Suppose -3676 = -4*z - x*d, 0 = 3*d - 15. What are the prime factors of z?
2, 457
Let t = -18228 + 25956. Suppose -3*s = y - 4640, -y - t = 7*s - 12*s. What are the prime factors of s?
2, 773
List the prime factors of 52972/76 - (2 - -12).
683
Let u be -33*-1*(-4)/(-12). Let f = u + -7. Suppose -5*t + 174 = f*g - 279, -t = -5*g + 530. What are the prime factors of g?
107
Suppose 4*h - 2*w - 67762 = -0*h, 50820 = 3*h - 2*w. What are the prime factors of h?
2, 43, 197
Let z = -39299 - -71932. What are the prime factors of z?
32633
Let j = 17394 + -11875. List the prime factors of j.
5519
Let t(h) = -6*h**2 - 3*h + 4. Let w(p) = -13*p**2 - 5*p + 7. Let i(n) = 5*t(n) - 3*w(n). Let l be ((-6)/(-2) - 2) + -4. List the prime factors of i(l).
2, 5
Let d(y) be the third derivative of 31*y**4/8 - 69*y**3/2 + 2*y**2 - 23*y. What are the prime factors of d(8)?
3, 179
Suppose -255102 = 60*k - 180382 - 618980. List the prime factors of k.
47, 193
Let b(i) = -i**3 + 5*i**2 - 13*i + 49323. List the prime factors of b(0).
3, 41, 401
Suppose 5*u + 4*o + 1722 = 0, 29*u - 1732 = 34*u - o. Let k = -278 - u. List the prime factors of k.
2, 17
Suppose -j = -3 + 3. Suppose -5*t - 1863 + 6063 = j. Suppose t - 190 = 10*b. What are the prime factors of b?
5, 13
Let i(j) = 28*j**2 - 2*j + 64. Let h be i(8). Suppose -8*v = -s - 3*v + h, 2*v - 1819 = -s. List the prime factors of s.
5, 73
Suppose 10*q - 4*a = 13*q - 14465, 0 = -2*q + 4*a + 9610. What are the prime factors of q?
3, 5, 107
Suppose 10 = -2*k, 4*o + 4*k - 1244 = 2488. What are the prime factors of o?
2, 7, 67
Suppose -13*n = 4*n + 11*n - 218456. What are the prime factors of n?
2, 47, 83
Let b(u) = 8*u**2 + 3 - 25*u + 7 + 5*u**2 - u**3. Let d = -1041 + 1051. What are the prime factors of b(d)?
2, 3, 5
What are the prime factors of 3405479/133 + -12 + 1130/95?
3, 5, 569
Suppose -2*g + 4*x + 12 = 0, -10*x + 4 = g - 14*x. Suppose 5*d = -2*i + 726, g*d - 1107 = -3*i + 5*d. List the prime factors of i.
373
Let y = 12137 + -12133. Let x(w) be the second derivative of 43*w**3/6 + 49*w**2/2 - w. List the prime factors of x(y).
13, 17
Let i(z) = -z**3 + 10*z**2 + 46*z + 4. List the prime factors of i(-20).
2, 17, 163
Let v(d) = 3*d**2 - 8*d - 37. Suppose 133 + 3 = -34*j. What are the prime factors of v(j)?
43
Suppose 4*y + 192 = 7*y. Let b be -2 + y/28 + 38/14. Suppose 4*n - b*n = 167. What are the prime factors of n?
167
Let f be (42/8)/3 - (-7)/28. Suppose -2*q + 2*r - 6 = 0, -1 = -2*q - f*r + 9. What are the prime factors of 46/3*((-2)/(-4) + q)?
23
Let f(t) = 2*t**2 + 0*t**2 - 6 + 8*t - t**2 + 1. Suppose 5*v + 9*p = 4*p + 80, 3*v - p = 40. List the prime factors of f(v).
3, 101
List the prime factors of (-22 - (-8300)/375 - 968606/(-30)) + 2.
3, 47, 229
Let o = -525 + 524. What are the prime factors of 1270 + 10/(-5)*o + 3?
3, 5, 17
Let b(n) = 64*n**2 + 2*n + 1. Let l = -68 + 70. Suppose l*d - 5*g = 8, 4*d - 5 + 17 = -4*g. List the prime factors of b(d).
3, 7
Let s = -5638 - -9190. Suppose -32*n + 40*n = s. List the prime factors of n.
2, 3, 37
Let m(t) = 3*t**3 - 31*t**2 + 264*t + 36. List the prime factors of m(15).
2, 3, 397
Suppose -11*v - 3206 + 13942 = 0. Let n = v - 439. List the prime factors of n.
3, 179
What are the prime factors of 41016/13 - 5/65?
5, 631
Let b = 3006 - 1767. Let m = -791 + b. Suppose -6*s + 2*s - 2*k = -m, 4*s - 2*k = 448. List the prime factors of s.
2, 7
List the prime factors of 119785/4 - (558/504 - (-30)/(-35)).
2, 3, 7, 23, 31
Let c be (-1)/(6/968)*-6. Suppose 16*m - c = 12*m. What are the prime factors of m?
2, 11
Let p be (91/(-5) - 1)*(-500)/8. Suppose -14*l = -19*l + p. List the prime factors of l.
2, 3, 5
Let d be (-34)/(-9) + ((-58)/(-18) - 3). What are the prime factors of d + (2 - -5818)/5?
2, 73
Let o be (-2)/(5/5690*-4). Suppose 8*g - o = 1999. What are the prime factors of g?
3, 107
Let s = 5927 + -599. Suppose 35*j - 32*j = 5*z - 6664, 4*z - 4*j = s. What are the prime factors of z?
2, 23, 29
Let f(n) = 57*n**2 + 99*n - 1274. List the prime factors of f(13).
2, 7, 13, 53
What are the prime factors of 3*((-14644)/(-12) - 0 - 8)?
3637
List the prime factors of (-64)/(-896) + 17569/14.
5, 251
Let u(o) = o**3 - 443*o**2 + 209*o**2 - 45 - 17*o + 212*o**2. What are the prime factors of u(23)?
3, 31
What are the prime factors of (1 - (-636)/16)/(51303/6412 - 8)?
163, 229
Suppose 4*z - 12 = 2*w - 2, 5*z - 10 = 3*w. Let m be 6/45 - 1115/(-75). List the prime factors of 14 + w/(m/(-6)).
2, 3
Suppose -44*r - 117*r = -3497071 + 101742. List the prime factors of r.
21089
What are the prime factors of (1 - (-272274)/14) + (-91)/637?
3, 2161
Let c be (-3 - -1 - -5) + -6 + 6. Let k(j) = -15*j**3 + 7*j**2 + 1 + 8*j + 14*j**c - 12. List the prime factors of k(6).
73
Let k(r) = -r + 6. Let b be k(8). Let g(f) = -80*f - 92. Let j(x) = -2*x + 35. Let t(m) = g(m) + 3*j(m). What are the prime factors of t(b)?
5, 37
Let b = 49 - -11. Let k = 6 + -4. Suppose -110 = -k*f + 4*a, -2*f - 4*a + 66 + b = 0. List the prime factors of f.
59
Let p = 82 + -80. Suppose h - 932 = p*u, h + 4*u - 4618 = -4*h. List the prime factors of h.
2, 463
Let h be (-9)/36*(-40)/2. Suppose -h*r = -17*r + 13020. List the prime factors of r.
5, 7, 31
Let v(f) = 3*f**2 - 43*f + 72. Let x(n) = 8*n**2 + n - 6. Let u be x(2). What are the prime factors of v(u)?
2, 5, 61
Let j(q) = -4299*q**3 + q**2 + 13*q + 23. What are the prime factors of j(-2)?
163, 211
Let f(m) = -m**3 + 18*m**2 + 53*m - 21. Let i be f(12). Let l = i + -604. What are the prime factors of l?
5, 7
Let s(l) be the first derivative of l**3 + 59*l**2/2 - 4*l - 291. List the prime factors of s(6).
2, 229
Let b = 111 + -107. Suppose -b*u + 15 = -1. Suppose 3*h = -0*h + 15, -2*j + 124 = u*h. What are the prime factors of j?
2, 13
Suppose 2*n - 5*g - 250 = 0, 2*g = 3*n - 2*g - 361. Let r = n - -739. List the prime factors of r.
2, 7, 61
Suppose -12384 = -3*h - 3*c, -1 = -314*c + 315*c. List the prime factors of h.
4129
Let h be 2*1/(-6)*0. Suppose 0 = -5*j + 2*w + 42 - 10, h = 2*w - 8. Suppose 15*d - 11*d - j = 0. List the prime factors of d.
2
Suppose 3*n = 4*u + 1748, n - 363 - 218 = 3*u. Suppose 204 - n = -s. List the prime factors of s.
2, 5, 19
Let g(o) = 11*o + 13. Let d be g(-2). List the prime factors of (-393)/1*(-3)/(d/(-2)).
2, 131
Suppose 4499 - 12410 - 15873 = -3*z. List the prime factors of z.
2, 991
Suppose -3*m = 3, 3*z - 4*m = -m + 813. Suppose 19*h + z = 25*h. Suppose h*d - 43*d = 220. List the prime factors of d.
2, 5, 11
Suppose 9*k - 16 - 38 = 0. What are the prime factors of (-2)/(-3) + ((-10074)/(-9) - k)?
2, 557
Let o(u) = -19*u - 43. Suppose -23*h + 154 = -16*h. Let s = 14 - h. List the prime factors of o(s).
109
Let b be 59 - 6/(12/4). Let p = b - 54. What are the prime factors of p + -1 - (-33 + -2)?
37
Let i(t) = -390*t**3 + t**2 - 4*t - 6. Let s be i(-1). Let c be -2*531/12*2. Let m = c + s. What are the prime factors of m?
2, 53
Let i = 54502 - 30742. What are the prime factors of i?
2, 3, 5, 11
Let y(x) = 8*x + 6. Let h be y(12). List the prime factors of (-18)/(-27)*h/4*61.
17, 61
Let b = 1069 + 14051. What are the prime factors of b?
2, 3, 5, 7
Let t(i) = -3*i**2 - 26*i - 4. Let u(o) = -o**2 + 2. Let a(y) = t(y) - 6*u(y). What are the prime factors of a(-7)?
313
Let x = -790 + 1712. Suppose -8*i - x = 286. Let k = 345 + i. What are the prime factors of k?
2, 97
Suppose 12 = -87*o + 91*o. Suppose -h + 4*n - 65 + 298 = 0, -o*h